{"id":217,"date":"2022-12-01T13:05:11","date_gmt":"2022-12-01T06:05:11","guid":{"rendered":"https:\/\/sonha.themevivu.net\/?post_type=product&#038;p=217"},"modified":"2022-12-02T11:14:38","modified_gmt":"2022-12-02T04:14:38","slug":"bon-nuoc-inox-1500l-dung-son-ha-%cf%861140","status":"publish","type":"product","link":"https:\/\/vip.tamnguyen.com.vn\/sonha\/bon-nuoc-inox-1500l-dung-son-ha-%cf%861140\/","title":{"rendered":"B\u1ed3n n\u01b0\u1edbc inox 1500L \u0111\u1ee9ng S\u01a1n H\u00e0 (\u03a61140)"},"content":{"rendered":"<p>L\u00e0 s\u1ea3n ph\u1ea9m thu\u1ed9c t\u1eadp \u0111o\u00e0n S\u01a1n H\u00e0 uy t\u00edn s\u1ed1 1 th\u1ecb tr\u01b0\u1eddng Vi\u1ec7t,\u00a0<strong>b\u1ed3n n\u01b0\u1edbc inox S\u01a1n H\u00e0 1500l \u0111\u1ee9ng<\/strong>\u00a0\u0111\u01b0\u1ee3c s\u1ea3n xu\u1ea5t b\u1eb1ng v\u1eadt li\u1ec7u Inox SUS304 tuy\u1ec7t h\u1ea3o, \u0111\u1ed9 c\u1ee9ng, \u0111\u1ed9 b\u1ec1n r\u1ea5t cao, \u0111\u1ef1ng n\u01b0\u1edbc an to\u00e0n tr\u1eef cung c\u1ea5p cho gia \u0111\u00ecnh.<\/p>\n<h2>B\u1ed3n n\u01b0\u1edbc S\u01a1n H\u00e0\u00a0&#8211; S\u1ea3n ph\u1ea9m ch\u1ea5t l\u01b0\u1ee3ng v\u01b0\u1ee3t th\u1eddi gian<\/h2>\n<p>Th\u01b0\u01a1ng hi\u1ec7u\u00a0<strong>b\u1ed3n n\u01b0\u1edbc S\u01a1n H\u00e0<\/strong>\u00a0\u0111\u00e3 qu\u00e1 \u0111\u1ed7i quen thu\u1ed9c v\u1edbi ng\u01b0\u1eddi ti\u00eau d\u00f9ng Vi\u1ec7t su\u1ed1t nhi\u1ec1u th\u1eadp k\u1ec9 qua. L\u00e0 t\u1eadp \u0111o\u00e0n cung \u1ee9ng s\u1ea3n ph\u1ea9m, gi\u1ea3i ph\u00e1p chuy\u00ean bi\u1ec7t, \u0111\u1ed3ng b\u1ed9 h\u00f3a ngu\u1ed3n n\u01b0\u1edbc sinh ho\u1ea1t\/c\u00f4ng nghi\u1ec7p h\u00e0ng \u0111\u1ea7u Vi\u1ec7t Nam, S\u01a1n H\u00e0 \u0111\u00e3 \u0111\u01b0\u1ee3c ch\u00ednh ph\u1ee7 vinh danh \u201cth\u01b0\u01a1ng hi\u1ec7u qu\u1ed1c gia\u201d.<\/p>\n<p>V\u1edbi nh\u1eefng s\u1ea3n ph\u1ea9m ch\u1ea5t l\u01b0\u1ee3ng ki\u1ebfn t\u1ea1o t\u1eeb b\u00e0n tay kh\u1ed1i \u00f3c ng\u01b0\u1eddi Vi\u1ec7t v\u00e0 n\u1ed7 l\u1ef1c c\u1ea3i ti\u1ebfn kh\u00f4ng ng\u1eebng, t\u1eeb l\u00e2u, th\u01b0\u01a1ng hi\u1ec7u S\u01a1n H\u00e0 \u0111\u00e3 tr\u1edf th\u00e0nh c\u00e1i t\u00ean \u0111\u1ea7u ti\u00ean \u0111\u01b0\u1ee3c ngh\u0129 \u0111\u1ebfn khi nh\u1eafc v\u1ec1 thi\u1ebft b\u1ecb b\u1ed3n n\u01b0\u1edbc, \u0111\u1eb7c bi\u1ec7t l\u00e0\u00a0<strong>b\u1ed3n inox S\u01a1n H\u00e0<\/strong>.<\/p>\n<p><img decoding=\"async\" src=\"https:\/\/www.sonha.net.vn\/media\/lib\/593_bon-nuoc-inox-son-ha.jpg\" alt=\"\" \/>Tr\u1ea3i d\u00e0i kh\u1eafp m\u1ecdi mi\u1ec1n \u0111\u1ea5t n\u01b0\u1edbc t\u1eeb B\u1eafc v\u00e0o Nam, tr\u00ean c\u00e1c m\u00e1i nh\u00e0 ng\u01b0\u1eddi Vi\u1ec7t n\u01a1i \u0111\u00e2u c\u0169ng th\u1ea5y l\u1ea5p l\u00e1nh \u00e1nh kim b\u1ed3n inox th\u00e2n thu\u1ed9c c\u1ee7a S\u01a1n H\u00e0. Ti\u1ebfng t\u0103m th\u01b0\u01a1ng hi\u1ec7u \u0111\u00e3, \u0111ang v\u00e0 ng\u00e0y m\u1ed9t v\u01b0\u01a1n xa kh\u00f4ng ch\u1ec9 b\u1edfi s\u1ea3n ph\u1ea9m ch\u1ea5t l\u01b0\u1ee3ng m\u00e0 c\u00f2n li\u00ean t\u1ee5c \u0111\u01b0\u1ee3c n\u00e2ng c\u1ea5p v\u1ec1 m\u1eb7t ch\u1ea5t li\u1ec7u, t\u00ednh n\u0103ng, \u0111\u00e1p \u1ee9ng y\u00eau c\u1ea7u ng\u00e0y c\u00e0ng kh\u1eaft khe c\u1ee7a ng\u01b0\u1eddi d\u00f9ng. C\u00f9ng t\u00ecm hi\u1ec3u v\u1ec1 m\u1ed9t trong nh\u1eefng lo\u1ea1i b\u1ed3n n\u01b0\u1edbc S\u01a1n H\u00e0 th\u00f4ng d\u1ee5ng nh\u1ea5t,\u00a0<strong>b\u1ed3n n\u01b0\u1edbc inox S\u01a1n H\u00e0 1500l \u0111\u1ee9ng (\u03a61140)<\/strong>.<\/p>\n<h2>Th\u00f4ng s\u00f4\u0301 ky\u0303 thu\u00e2\u0323t b\u1ed3n inox 1500l \u0111\u1ee9ng S\u01a1n H\u00e0<\/h2>\n<table>\n<tbody>\n<tr>\n<td>T\u00ean s\u1ea3n ph\u1ea9m :<\/td>\n<td>B\u1ed3n n\u01b0\u1edbc Inox S\u01a1n H\u00e0 1500lit SHD1500F1140 \u0111\u1ee9ng<\/td>\n<\/tr>\n<tr>\n<td>M\u00e3 s\u1ea3n ph\u1ea9m :<\/td>\n<td>SHD1500F1140<\/td>\n<\/tr>\n<tr>\n<td>\u0110\u01b0\u01a1\u0300ng ki\u0301nh<\/td>\n<td>1140mm<\/td>\n<\/tr>\n<tr>\n<td>Ch\u00e2\u0323t li\u00ea\u0323u Inox<\/td>\n<td>SUS304<\/td>\n<\/tr>\n<tr>\n<td>Chi\u1ec1u cao c\u1ea3 ch\u00e2n<\/td>\n<td>1790mm<\/td>\n<\/tr>\n<tr>\n<td>Chi\u1ec1u r\u1ed9ng c\u1ea3 ch\u00e2n<\/td>\n<td>1320mm<\/td>\n<\/tr>\n<tr>\n<td>Chi\u1ec1u cao b\u1ed3n kh\u00f4ng ch\u00e2n<\/td>\n<td>1390mm<\/td>\n<\/tr>\n<tr>\n<td>S\u1ed1 ng\u01b0\u1eddi s\u1eed d\u1ee5ng ph\u00f9 h\u1ee3p:<\/td>\n<td>3 &#8211; 5 ng\u01b0\u1eddi s\u1eed d\u1ee5ng<\/td>\n<\/tr>\n<\/tbody>\n<\/table>\n<p><img decoding=\"async\" src=\"https:\/\/www.sonha.net.vn\/media\/product\/555_shd1500__big_.jpg\" alt=\"\" \/><\/p>\n<p><em>H\u00ecnh \u1ea3nh k\u00edch th\u01b0\u1edbc b\u1ed3n n\u01b0\u1edbc inox 1500l ngang (\u03a61140)<\/em><\/p>\n<p>&nbsp;<\/p>\n<p><img decoding=\"async\" src=\"https:\/\/www.sonha.net.vn\/media\/product\/555_bvshd1500_f1140.jpg\" alt=\"\" \/><\/p>\n<p>Tr\u00ean \u0111\u00e2y l\u00e0 b\u1ea3n v\u1ebd k\u00edch th\u01b0\u1edbc\u00a0<strong>b\u1ed3n n\u01b0\u1edbc\u00a0S\u01a1n H\u00e0 1500l SHD1500F1140 \u0111\u1ee9ng<\/strong>.\u00a0Qu\u00fd kh\u00e1ch h\u00e0ng mu\u1ed1n bi\u1ebft th\u00eam<strong>\u00a0th\u00f4ng tin chi ti\u1ebft v\u1ec1 k\u00edch th\u01b0\u1edbc s\u1ea3n ph\u1ea9m ph\u00f9 h\u1ee3p nhu c\u1ea7u s\u1eed d\u1ee5ng c\u1ee7a gia \u0111\u00ecnh c\u0169ng nh\u01b0 t\u01b0 v\u1ea5n l\u1eafp \u0111\u1eb7t b\u1ed3n n\u01b0\u1edbc inox ngang mi\u1ec5n ph\u00ed<\/strong>\u00a0ch\u1ec9 c\u1ea7n nh\u1ea5c \u0111i\u1ec7n tho\u1ea1i l\u00ean v\u00e0 g\u1ecdi t\u1edbi hotline\u00a0<strong>0969.26.90.90<\/strong>, \u0111\u1ed9i ng\u0169 chuy\u00ean m\u00f4n s\u1ebd ngay l\u1eadp t\u1ee9c gi\u1ea3i \u0111\u00e1p th\u1eafc m\u1eafc cho b\u1ea1n!<\/p>\n<h2>T\u00e9c n\u01b0\u1edbc inox 1500L S\u01a1n H\u00e0 \u0111\u1ee9ng \u0111\u1ed9t ph\u00e1t c\u00f4ng ngh\u1ec7 m\u1edbi<\/h2>\n<p>C\u00e1c s\u1ea3n ph\u1ea9m b\u1ed3n n\u01b0\u1edbc Inox c\u1ee7a S\u01a1n H\u00e0 nh\u1eefng n\u0103m tr\u1edf l\u1ea1i \u0111\u00e2y \u0111\u01b0\u1ee3c c\u1ea3i ti\u1ebfn r\u1ea5t nhi\u1ec1u v\u1ec1 c\u00f4ng ngh\u1ec7 s\u1ea3n xu\u1ea5t v\u00e0 n\u00e2ng c\u1ea5p \u0111\u00e1p \u1ee9ng s\u1ef1 an to\u00e0n, ti\u1ec7n nghi cho ng\u01b0\u1eddi d\u00f9ng tr\u00ean t\u00f4n ch\u1ec9 gi\u1eef tr\u1ecdn ni\u1ec1m tin v\u1edbi l\u1eddi kh\u1eb3ng \u0111\u1ecbnh\u00a0<strong>&#8220;Ch\u1ea5t li\u1ec7u cao c\u1ea5p, \u0111\u1ed9 b\u1ec1n v\u01b0\u1ee3t th\u1eddi gian&#8221;<\/strong>. V\u1eady, s\u1ea3n ph\u1ea9m b\u1ed3n inox S\u01a1n H\u00e0 c\u00f4ng ngh\u1ec7 m\u1edbi c\u00f3 g\u00ec \u0111\u1eb7c bi\u1ec7t?<\/p>\n<h3>Ch\u1ea5t li\u1ec7u b\u1ed3n Inox 304 cao c\u1ea5p, c\u00f4ng ngh\u1ec7 d\u1eadp li\u1ec1n &#8211; h\u00e0n l\u0103n ti\u00ean ti\u1ebfn h\u00e0ng \u0111\u1ea7u<\/h3>\n<p>Cu\u1ed9c s\u1ed1ng c\u00f4ng nghi\u1ec7p h\u00f3a, hi\u1ec7n \u0111\u1ea1i h\u00f3a khi\u1ebfn h\u1ea7u h\u1ebft c\u00e1c gia \u0111\u00ecnh th\u00e0nh th\u1ecb v\u00e0 n\u00f4ng th\u00f4n m\u1edbi hi\u1ec7n nay \u0111\u1ec1u s\u1eed d\u1ee5ng b\u1ed3n inox thay cho c\u00e1c b\u1ec3 ch\u1ee9a tr\u00ean m\u00e1i hay n\u01b0\u1edbc gi\u1ebfng khoan b\u1ea5t ti\u1ec7n nh\u01b0 ng\u00e0y tr\u01b0\u1edbc.\u00a0<strong>Vi\u1ec7c s\u1eed d\u1ee5ng b\u1ed3n n\u01b0\u1edbc inox gi\u00fap c\u00e1c c\u00f4ng tr\u00ecnh x\u00e2y d\u1ef1ng n\u00f3i chung, nh\u00e0 \u1edf n\u00f3i ri\u00eang gi\u1ea3m t\u1ea3i t\u1ed1i \u0111a s\u1ee9c n\u1eb7ng c\u1ee7a c\u00e1c b\u1ec3 ch\u1ee9a b\u00ea t\u00f4ng v\u00e0 tr\u00e1nh hi\u1ec7n t\u01b0\u1ee3ng r\u00f2 r\u1ec9<\/strong>\u00a0sau v\u00e0i n\u0103m s\u1eed d\u1ee5ng d\u1eabn t\u1edbi n\u01b0\u1edbc d\u1ec5 ng\u1ea5m v\u00e0o c\u00f4ng tr\u00ecnh (tr\u1ea7n, t\u01b0\u1eddng nh\u00e0) g\u00e2y h\u01b0 h\u1ea1i, k\u00e9m th\u1ea9m m\u1ef9.<\/p>\n<p>T\u00ednh n\u0103ng v\u01b0\u1ee3t tr\u1ed9i c\u1ee7a c\u00e1c t\u1ea5t c\u1ea3 c\u00e1c b\u1ed3n inox S\u01a1n H\u00e0 l\u00e0 \u0111\u01b0\u1ee3c c\u1ea5u th\u00e0nh t\u1eeb 100% v\u1eadt li\u1ec7u\u00a0<strong><a href=\"https:\/\/www.sonha.net.vn\/cach-phan-biet-inox-304-va-inox-201-hieu-qua-nhat\/tin-67.html\" target=\"_blank\" rel=\"noopener\">inox<\/a> SUS304<\/strong>, hi\u1ec7n l\u00e0 d\u00f2ng inox \u0111\u01b0\u1ee3c \u0111\u00e1nh gi\u00e1 cao v\u00e0 chi\u1ebfm l\u00f2ng tin ng\u01b0\u1eddi ti\u00eau d\u00f9ng nh\u1ea5t th\u1ecb tr\u01b0\u1eddng. Inox SUS304, t\u00ean g\u1ecdi kh\u00e1c l\u00e0 th\u00e9p kh\u00f4ng g\u1ec9, \u0111\u01b0\u1ee3c c\u1ea5u t\u1ea1o t\u1eeb h\u1ee3p kim crom, magan, nito v\u00e0 pha tr\u1ed9n \u00edt bi\u1ebfn m\u00e0u, c\u00f3 \u0111\u1ed9 d\u1ebbo, b\u1ec1n r\u1ea5t cao, b\u1ec1 m\u1eb7t tr\u01a1n m\u01b0\u1ee3t.<\/p>\n<p>S\u1edf h\u1eefu \u0111\u1ea7y \u0111\u1ee7 t\u00ednh n\u0103ng c\u1ee7a d\u00f2ng inox cao c\u1ea5p n\u00e0y,\u00a0<strong>b\u1ed3n n\u01b0\u1edbc Inox S\u01a1n H\u00e0 1500L \u0111\u1ee9ng\u00a0(\u03a61140)<\/strong>\u00a0c\u00f3 kh\u1ea3 n\u0103ng ch\u1ecbu l\u1ef1c, ch\u1ecbu nhi\u1ec7t, ch\u1ed1ng \u0103n m\u00f2n, r\u00f2 r\u1ec9, ch\u1ed1ng b\u00e1m r\u00eau m\u1ed1c, ch\u1ed1ng oxy h\u00f3a c\u1ef1c t\u1ed1t, kh\u00f4ng ph\u1ea3n \u1ee9ng v\u1edbi axit, ph\u1ea3n \u1ee9ng t\u1eeb k\u00e9m. C\u0169ng nh\u1edd ch\u1ea5t li\u1ec7u inox SUS304 r\u1ea5t m\u1ec1m d\u1ebbo, kh\u00f4ng c\u1ee9ng v\u00e0 th\u00f4 nh\u01b0 m\u1ed9t s\u1ed1 lo\u1ea1i inox ch\u1ea5t l\u01b0\u1ee3ng k\u00e9m kh\u00e1c m\u00e0 kh\u1ea3 n\u0103ng ti\u1ebft ki\u1ec7m n\u0103ng l\u01b0\u1ee3ng c\u0169ng \u0111\u01b0\u1ee3c n\u00e2ng cao.<\/p>\n","protected":false},"excerpt":{"rendered":"<ul class=\"m-0 pl-3\">\n<li><b class=\"red\">Nh\u00e3n hi\u1ec7u<\/b>: S\u01a1n H\u00e0<\/li>\n<li><b class=\"red\">B\u1ea3o h\u00e0nh<\/b>: 12 n\u0103m<\/li>\n<li><b class=\"red\">Model<\/b>: SHD1500F1140<\/li>\n<li><b class=\"red\">Ki\u1ec3u d\u00e1ng<\/b>: B\u1ed3n \u0111\u1ee9ng<\/li>\n<\/ul>\n","protected":false},"featured_media":218,"comment_status":"open","ping_status":"closed","template":"","meta":{"_acf_changed":false,"rank_math_lock_modified_date":false},"product_cat":[15,16],"product_tag":[],"class_list":{"0":"post-217","1":"product","2":"type-product","3":"status-publish","4":"has-post-thumbnail","6":"product_cat-bon-nuoc-son-ha","7":"product_cat-bon-inox-son-ha","8":"pa_cong-suat-500-1000w","9":"pa_dung-tich-400l","10":"pa_duong-kinh-76","11":"pa_kieu-dang-titan-360","12":"pa_nhan-hieu-son-ha","14":"first","15":"instock","16":"sale","17":"shipping-taxable","18":"purchasable","19":"product-type-simple"},"acf":[],"_links":{"self":[{"href":"https:\/\/vip.tamnguyen.com.vn\/sonha\/wp-json\/wp\/v2\/product\/217","targetHints":{"allow":["GET"]}}],"collection":[{"href":"https:\/\/vip.tamnguyen.com.vn\/sonha\/wp-json\/wp\/v2\/product"}],"about":[{"href":"https:\/\/vip.tamnguyen.com.vn\/sonha\/wp-json\/wp\/v2\/types\/product"}],"replies":[{"embeddable":true,"href":"https:\/\/vip.tamnguyen.com.vn\/sonha\/wp-json\/wp\/v2\/comments?post=217"}],"wp:featuredmedia":[{"embeddable":true,"href":"https:\/\/vip.tamnguyen.com.vn\/sonha\/wp-json\/wp\/v2\/media\/218"}],"wp:attachment":[{"href":"https:\/\/vip.tamnguyen.com.vn\/sonha\/wp-json\/wp\/v2\/media?parent=217"}],"wp:term":[{"taxonomy":"product_cat","embeddable":true,"href":"https:\/\/vip.tamnguyen.com.vn\/sonha\/wp-json\/wp\/v2\/product_cat?post=217"},{"taxonomy":"product_tag","embeddable":true,"href":"https:\/\/vip.tamnguyen.com.vn\/sonha\/wp-json\/wp\/v2\/product_tag?post=217"}],"curies":[{"name":"wp","href":"https:\/\/api.w.org\/{rel}","templated":true}]}}